d 748?
187
Calculate the highest common divisor of 470591 and 569041.
1969
What is the greatest common factor of 182210 and 83790?
1330
Calculate the greatest common divisor of 1405536 and 693.
33
What is the greatest common factor of 248376034 and 20792?
5198
Calculate the greatest common divisor of 3270 and 127470.
30
What is the greatest common divisor of 4665980 and 1336?
668
Calculate the highest common divisor of 9611776 and 14.
2
What is the highest common divisor of 160 and 61446272?
32
Calculate the highest common factor of 239549465 and 340.
85
Calculate the greatest common divisor of 17274247 and 727.
727
Calculate the greatest common divisor of 2799225 and 2475.
2475
Calculate the highest common divisor of 335372942 and 806.
62
What is the highest common divisor of 251994 and 870?
6
Calculate the highest common factor of 1026096003 and 1388.
347
What is the greatest common factor of 35 and 225936865?
35
Calculate the greatest common divisor of 477067 and 808291.
373
What is the highest common factor of 1192 and 71371?
149
Calculate the highest common factor of 32 and 14156108.
4
Calculate the greatest common factor of 29839 and 1051121.
563
Calculate the highest common factor of 9 and 88538679.
9
Calculate the greatest common factor of 20 and 86435840.
20
What is the highest common divisor of 140288 and 44484448?
4384
Calculate the highest common divisor of 333096111 and 54.
27
What is the greatest common factor of 75 and 388545?
15
What is the highest common factor of 3611556 and 720?
36
What is the greatest common factor of 107532075 and 1050?
525
Calculate the highest common divisor of 86123173 and 272.
17
What is the highest common divisor of 3081 and 2248419?
237
Calculate the greatest common divisor of 221880 and 9695640.
5160
Calculate the highest common divisor of 2100824 and 32.
8
Calculate the greatest common factor of 57060154 and 152.
38
Calculate the greatest common divisor of 46277 and 127711899.
4207
Calculate the greatest common divisor of 909 and 10950399.
9
Calculate the greatest common factor of 7619125 and 2875.
125
Calculate the greatest common factor of 12939237 and 81.
27
Calculate the highest common factor of 3619 and 1440571.
11
What is the greatest common factor of 843424266 and 1956?
978
What is the greatest common factor of 41526 and 430854?
6
Calculate the greatest common factor of 480 and 2306715.
15
What is the greatest common divisor of 12729 and 4230271?
4243
Calculate the highest common factor of 131298660 and 783.
261
Calculate the highest common factor of 13065820 and 160.
20
What is the greatest common divisor of 1210 and 55115984?
242
Calculate the greatest common divisor of 241560 and 2027520.
3960
Calculate the greatest common factor of 630372 and 133620.
1572
What is the highest common divisor of 232140940 and 4640?
580
What is the highest common factor of 165629851 and 172?
43
What is the highest common divisor of 360 and 4461360?
120
What is the highest common factor of 402 and 133778163?
201
What is the greatest common divisor of 7157465 and 5670?
35
Calculate the greatest common factor of 152577 and 1728.
27
What is the greatest common divisor of 3345768 and 1395?
279
What is the greatest common factor of 17019420 and 43335?
1605
Calculate the greatest common divisor of 1666756 and 143.
13
Calculate the greatest common divisor of 4375 and 21054125.
125
Calculate the highest common divisor of 1463138 and 107353.
31
Calculate the highest common divisor of 526605 and 555.
15
Calculate the greatest common factor of 76180 and 24690.
10
Calculate the highest common factor of 460 and 43280710.
230
What is the highest common divisor of 363 and 106194?
33
Calculate the highest common factor of 31546441 and 38.
19
What is the greatest common factor of 88 and 15766564?
44
What is the highest common factor of 51634440 and 177?
177
Calculate the highest common divisor of 88 and 62676900.
44
Calculate the greatest common factor of 10668 and 249052461.
2667
Calculate the highest common factor of 208 and 46730203.
13
What is the highest common factor of 19151 and 3621280?
1741
What is the highest common divisor of 23876670 and 78?
6
What is the greatest common factor of 5935140 and 605259?
783
Calculate the greatest common factor of 555738 and 26286.
6
Calculate the greatest common factor of 14742739 and 2255.
451
Calculate the greatest common factor of 7371 and 22776.
39
Calculate the highest common divisor of 96552 and 8434443.
447
Calculate the greatest common divisor of 395530 and 169904.
74
What is the highest common factor of 114855748 and 28?
28
Calculate the highest common factor of 176234816 and 745.
149
What is the highest common divisor of 23423104 and 11392?
128
What is the greatest common divisor of 57 and 8124476?
19
Calculate the greatest common factor of 9100576 and 238.
34
Calculate the greatest common factor of 3018913 and 487.
487
Calculate the greatest common factor of 252 and 58150932.
84
What is the greatest common divisor of 4 and 10020748?
4
What is the highest common factor of 7140 and 1357535?
85
What is the highest common factor of 3 and 387707?
1
Calculate the highest common divisor of 8722845 and 576.
9
Calculate the highest common factor of 88444896 and 19488.
2784
Calculate the greatest common factor of 456198 and 6672.
834
Calculate the greatest common divisor of 1485758 and 246.
82
Calculate the greatest common factor of 692 and 79844.
4
What is the greatest common divisor of 44287120 and 5?
5
Calculate the highest common factor of 194710984 and 169.
169
Calculate the highest common factor of 6422611 and 2821.
403
What is the highest common divisor of 3185 and 423735?
65
Calculate the highest common divisor of 470098 and 285779.
1691
Calculate the highest common factor of 1968 and 1595392.
656
What is the highest common factor of 11130 and 36429330?
210
Calculate the highest common divisor of 74440905 and 60.
15
Calculate the highest common factor of 16 and 41096608.
16
What is the highest common factor of 9808102 and 1394?
82
What is the highest common factor of 271 and 375923?
1
What is the greatest common factor of 38376 and 501348?
492
Calculate the greatest common factor of 210134 and 16298.
58
What is the highest common divisor of 872 and 18824954?
218
Calculate the greatest common factor of 32230 and 14585.
5
Calculate the greatest common divisor of 276 and 110221428.
276
What is the highest common factor of 190 and 95829179?
19
What is the greatest common factor of 136 and 13594492?
68
What is the highest common factor of 500 and 47318625?
125
What is the highest common divisor of 13813 and 457283?
727
What is the highest common factor of 10875 and 22137875?
3625
Calculate the greatest common factor of 233518 and 6784.
106
What is the highest common factor of 46316 and 33380?
4
What is the greatest common factor of 13 and 797451811?
13
What is the greatest common divisor of 1479453 and 24048?
501
What is the greatest common factor of 89096 and 13470352?
2408
What is the greatest common divisor of 48586 and 618698?
34
Calculate the greatest common factor of 2037420 and 472703.
539
What is the highest common divisor of 32364 and 75923247?
2697
Calculate the highest common factor of 12 and 21863334.
6
What is the highest common factor of 236538059 and 445?
89
Calculate the greatest common divisor of 1191974 and 15092.
98
Calculate the greatest common divisor of 5111666 and 5558.
14
Calculate the greatest common divisor of 230953 and 241302.
131
Calculate the greatest common divisor of 5 and 4333685.
5
What is the highest common divisor of 11814 and 184371?
33
What is the greatest common factor of 3826303 and 14807?
871
What is the greatest common divisor of 14799289 and 19117?
2731
Calculate the highest common divisor of 539 and 231917196.
49
What is the greatest common divisor of 176685 and 118695?
15
Calculate the highest common divisor of 5247 and 795.
159
Calculate the highest common factor of 2762955 and 46215.
585
What is the greatest common divisor of 35894 and 374922?
262
What is the highest common factor of 1026536 and 10626?
322
What is the highest common factor of 37549370 and 21948?
3658
What is the greatest common divisor of 64965 and 2465475?
1065